e the greatest common divisor of 54 and 76376658.
6
Calculate the highest common factor of 2173355 and 1660.
415
Calculate the greatest common factor of 2117976 and 1800.
24
Calculate the greatest common factor of 3842 and 245474985.
1921
What is the highest common factor of 543573926 and 532?
266
Calculate the highest common factor of 593169484 and 716.
716
What is the greatest common divisor of 73 and 107504180?
73
What is the greatest common divisor of 22000 and 124994375?
1375
Calculate the greatest common divisor of 1337850 and 6390.
90
Calculate the greatest common divisor of 95040 and 305316.
1188
Calculate the greatest common divisor of 296 and 63089847.
37
Calculate the highest common factor of 805826 and 56.
14
What is the highest common factor of 58344578 and 2397?
799
What is the highest common divisor of 3333040 and 4?
4
Calculate the highest common divisor of 183425 and 10196835.
1595
What is the greatest common factor of 501 and 12426637?
167
Calculate the greatest common divisor of 181249 and 6541.
211
Calculate the highest common factor of 26016 and 123264.
96
What is the highest common divisor of 94268389 and 369?
41
What is the highest common factor of 49252 and 13748?
28
What is the highest common divisor of 31874448 and 465?
93
What is the highest common divisor of 985 and 18565477?
197
What is the highest common factor of 52100514 and 444?
222
Calculate the greatest common divisor of 5 and 185563835.
5
Calculate the highest common divisor of 591543 and 288.
9
What is the highest common divisor of 80 and 403754480?
80
What is the highest common factor of 2080090453 and 7?
7
Calculate the highest common factor of 350 and 122882550.
350
Calculate the greatest common factor of 34355662 and 44.
22
What is the highest common divisor of 16845 and 54810?
15
Calculate the greatest common factor of 139407316 and 1796.
1796
Calculate the highest common divisor of 3 and 5934851.
1
Calculate the greatest common divisor of 138 and 7143501.
69
What is the greatest common factor of 153 and 662591133?
153
What is the highest common divisor of 97966 and 3516040?
1342
Calculate the highest common divisor of 1519 and 3565496.
31
Calculate the highest common factor of 62283 and 105729.
39
What is the greatest common factor of 6502755 and 3570?
1785
What is the greatest common divisor of 67233381 and 7353?
2451
What is the highest common factor of 50442 and 493731?
21
Calculate the greatest common factor of 540 and 173398995.
135
What is the highest common divisor of 12 and 7440436?
4
What is the greatest common divisor of 55454 and 12760944?
3262
Calculate the highest common divisor of 6078 and 404526.
6
Calculate the greatest common divisor of 2028378 and 7578.
2526
What is the greatest common factor of 427646 and 592?
74
Calculate the highest common divisor of 11129224 and 376.
376
What is the highest common factor of 82834 and 8134?
166
Calculate the greatest common factor of 517842 and 5382.
234
What is the greatest common divisor of 49821 and 243?
3
Calculate the highest common factor of 1169630 and 13330.
310
What is the greatest common divisor of 38436418 and 142?
142
What is the highest common factor of 30843 and 862263?
1341
Calculate the greatest common factor of 212 and 495377273.
53
Calculate the greatest common factor of 1402731 and 15543.
99
What is the highest common divisor of 187958682 and 30114?
4302
What is the greatest common factor of 672495 and 1594295?
2095
What is the greatest common factor of 1022 and 1360870?
14
Calculate the greatest common divisor of 7334038 and 136.
34
What is the greatest common divisor of 853051 and 8579?
373
Calculate the highest common divisor of 156 and 3166566.
78
What is the highest common divisor of 72105 and 44519145?
3795
What is the greatest common divisor of 32407 and 14881?
23
Calculate the greatest common factor of 808013739 and 39.
39
What is the highest common factor of 2323257 and 1269?
141
Calculate the greatest common divisor of 70914 and 50652.
6
What is the highest common factor of 3462 and 301326?
6
What is the highest common factor of 14 and 779854?
2
Calculate the greatest common divisor of 194621 and 4956.
7
What is the greatest common factor of 389146 and 386282?
358
What is the greatest common divisor of 58582090 and 130?
10
What is the highest common divisor of 384657 and 35503?
13
Calculate the greatest common divisor of 2321436 and 60.
12
Calculate the greatest common factor of 22713 and 11670075.
339
Calculate the greatest common factor of 17265240 and 150.
30
What is the highest common divisor of 35968 and 68864?
128
Calculate the greatest common divisor of 2660272 and 41584.
368
What is the greatest common factor of 88 and 4812313?
11
Calculate the highest common factor of 1860 and 116881780.
620
What is the greatest common divisor of 10 and 135298910?
10
What is the highest common factor of 1065 and 290595?
15
What is the greatest common divisor of 477 and 213268343?
53
What is the greatest common divisor of 58617 and 4489641?
351
Calculate the highest common divisor of 5300204 and 4108.
52
Calculate the greatest common divisor of 488 and 1151436.
244
Calculate the greatest common factor of 69312 and 214928.
304
Calculate the greatest common divisor of 37185 and 1759128.
111
Calculate the highest common divisor of 7915 and 3515843.
1583
Calculate the greatest common divisor of 7470 and 7623882.
1494
What is the greatest common factor of 6879138 and 294?
42
Calculate the highest common divisor of 3396557 and 7635.
509
Calculate the highest common divisor of 60 and 42324090.
30
Calculate the greatest common factor of 1564 and 68703484.
92
What is the highest common factor of 388112 and 151384?
1016
Calculate the highest common divisor of 4656 and 1068261.
291
What is the highest common factor of 5736 and 99326488?
1912
What is the greatest common factor of 612118 and 790244?
338
Calculate the greatest common divisor of 787196942 and 798.
266
Calculate the highest common divisor of 3030 and 114690.
30
What is the greatest common factor of 247 and 144571?
19
Calculate the greatest common divisor of 13172 and 55056.
148
Calculate the greatest common divisor of 418840 and 1670.
10
Calculate the highest common divisor of 1351728 and 49248.
1296
What is the highest common factor of 23498 and 8670700?
62
What is the greatest common factor of 1454764 and 12?
4
What is the highest common divisor of 757877 and 2414459?
1853
Calculate the greatest common divisor of 75650 and 43775.
425
Calculate the highest common divisor of 75452 and 20691260.
5804
Calculate the greatest common divisor of 6188 and 491275044.
884
Calculate the greatest common factor of 585 and 74729205.
45
What is the greatest common factor of 214363008 and 103312?
9392
What is the greatest common divisor of 732 and 1581533763?
183
Calculate the highest common divisor of 2088 and 509778936.
2088
Calculate the highest common factor of 80667931 and 771.
257
What is the highest common factor of 1716131 and 452?
113
What is the highest common divisor of 12 and 769323?
3
What is the highest common divisor of 19814325 and 710?
355
Calculate the greatest common factor of 581777 and 1813.
49
Calculate the greatest common factor of 555208789 and 801.
89
Calculate the greatest common factor of 5518014 and 8350.
334
What is the highest common divisor of 4200118 and 52?
26
Calculate the highest common divisor of 1642080804 and 1827.
609
What is the highest common factor of 7360 and 1270336?
1472
Calculate the highest common divisor of 8792223 and 87744.
1371
What is the highest common divisor of 8996 and 601175?
173
Calculate the highest common divisor of 649135 and 61465.
95
What is the greatest common factor of 2244 and 186483?
33
What is the highest common divisor of 361110 and 75?
15
Calculate the highest common factor of 2192164 and 156.
52
What is the highest common divisor of 11825 and 3831025?
275
Calculate the greatest common factor of 334695 and 713910.
795
Calculate the greatest common factor of 3 and 16921905.
3
What is the greatest common factor of 772 and 168500194?
386
What is the greatest common factor of 5355 and 389963?
119
What is the greatest common factor of 7739 and 2168269?
71
Calculate the hig